-z - 3. Let d be l(3). Let m be (-2)/(3*(-2)/d). Let n = 4 - m. What is the units digit of n?
6
Suppose 0 = -4*r - 4*z - 216, 2*r - 2*z = -102 - 6. Let m = 84 + r. What is the units digit of m?
0
Let m = -16 - -17. What is the units digit of m/(-2)*(-36)/9?
2
Suppose 8 = 2*q - 6*q. Let j = q + 2. Suppose u + 57 = 4*u + 4*p, -u + 2*p + 9 = j. What is the units digit of u?
5
Suppose -4*r + 255 = r. Suppose 143 = 2*b + r. What is the tens digit of b?
4
Let q = 513 - 314. What is the tens digit of q?
9
Suppose 0*t - t + 5 = 0. Suppose t = g - 0*g. Suppose l + 2*z - g = z, 5*l - 2*z = 4. What is the units digit of l?
2
Suppose 0 = -2*m - 5*w + 8, 0 = -3*m - w - 0*w - 1. Let r = 44 + m. What is the tens digit of r?
4
Let a(g) = -g**2 - 4*g + 2. Let r be a(-4). Let h = -1 + r. What is the units digit of h?
1
Let k be (-4)/(-1 - 6/(-4)). Let n be 10/k - (-1)/4. What is the units digit of -1*(2 + 1)*n?
3
Let p = -89 - -29. What is the units digit of (p/35)/(2/(-14))?
2
Let r be -2 - -3 - -51 - 1. Let h = r - 35. What is the units digit of h?
6
Suppose 3*q - 43 = 2. Let c = -10 + q. Suppose -c*v - 2*f + 74 = 0, 5*v - 60 = 2*f + 3*f. What is the tens digit of v?
1
What is the tens digit of (-171)/(-3)*(-3)/(-9)?
1
Suppose 5*w - 1945 = 5*u, -5*u = -w - u + 374. What is the hundreds digit of w?
3
Let m = 14 + -20. Let d = 11 + m. What is the units digit of d?
5
Suppose 0*p + 4*p - 53 = s, 5*s = -25. Suppose -2*d = 2*d - p. What is the units digit of d?
3
Suppose 2*y + 2*g - 4*g = 198, 5*y = 3*g + 497. What is the units digit of y?
0
Suppose 8*o + 251 = 9*o. What is the tens digit of o?
5
Let h = -3 - -7. Suppose -7*p = -h*p - 6. What is the units digit of p?
2
Let h = 53 - 34. What is the units digit of h?
9
Let a be 11 + 0 + -2 + 4. What is the units digit of (-1)/(2 - a/6)?
6
Let x be (0 - (-4)/(-2))*-6. Let d be (-76)/(-6) - (-4)/x. Suppose -u + d + 0 = 0. What is the tens digit of u?
1
Let j(p) = 13*p + 5. Let s(i) = -40*i - 16. Let d(m) = 16*j(m) + 5*s(m). Let r be d(2). Let x = r + -10. What is the units digit of x?
6
Let a(u) = -u**2 - 1. Let q(l) = 81*l**2 + l + 2. Let y(d) = -2*a(d) - q(d). Let h be y(1). What is the units digit of (-4)/(-6) + h/(-15)?
6
Let o(y) = 4*y**2 - 4*y. Let q be (-6)/5*(-80)/(-24). Let r be o(q). Suppose -4*m + r = m. What is the units digit of m?
6
What is the units digit of (1782/(-10))/(-3) + 21/35?
0
Let s(u) = -u**3 - 1. Let f(m) = 4*m**3 - 11*m**2 - 11*m - 4. Let t(i) = f(i) + 5*s(i). What is the units digit of t(-10)?
1
Suppose -f + 4*f = 0. Suppose -5*q + 7 + 13 = f. Suppose 9*x - 45 = q*x. What is the units digit of x?
9
Suppose -4*r + 70 = r. Let m be (7/r)/((-2)/(-4)). Let p = m + 6. What is the units digit of p?
7
Let g be 4/2 + (0 - 2). Suppose 92 = 4*a - g*a. What is the tens digit of a?
2
Let s = -270 + 409. What is the units digit of s?
9
Suppose 3*b + 15 = 0, d - 2*b = 53 - 14. What is the tens digit of d?
2
Let i(g) = 1 - 9 - 2*g + g**3 + 3*g**2 + 3*g**2. What is the units digit of i(-6)?
4
Let y be -2 + 2 + 0 + -7. Let d(z) = -z**3 - 5*z**2 + 11*z + 4. What is the units digit of d(y)?
5
Let z(r) = 3*r**2 - 6*r + 4. What is the tens digit of z(4)?
2
Suppose 3*v + 6 = 2*u - u, 0 = -2*u + 2*v + 4. Suppose -z + u + 2 = 0. Suppose 5*k - z = 3. What is the units digit of k?
1
Let l(h) = -2*h**2 + 2*h + 2. Let k(u) = u**2 - u - 1. Let y(b) = -3*k(b) - 2*l(b). Let n be y(0). What is the units digit of n*1 + (-6 - -8)?
1
Let r = 109 - 49. What is the tens digit of r?
6
Let f(b) = -b**3 + 13*b**2 + 2*b + 5. What is the units digit of f(13)?
1
Let r = -40 + 98. What is the tens digit of r?
5
Let i(g) = 4*g**2 + 2*g + 5. Let y be i(-4). Let h = y - 33. What is the units digit of h?
8
Let h(l) = l + 7. What is the units digit of h(-6)?
1
Let j(o) = -o**3 - 7*o**2 - 8*o - 1. Let q be j(-6). What is the units digit of (-1)/((-2 + 1)/q)?
1
Let b(l) = -6*l**2 + l. Let t be b(-1). Suppose -4*v + 53 = 325. What is the units digit of v/(-7) + (-2)/t?
0
Suppose 105 = -p + 4*p. Suppose -i - p = -6*i. Let x = i - 2. What is the units digit of x?
5
Let x = -38 - -79. Suppose s - f - 34 = 0, -3*f - 30 = -2*s + x. Suppose 0 = 2*a + 5*k - s, -k - 5 = -4*a + 46. What is the units digit of a?
3
Suppose 3*n + 3*i - 8*i - 492 = 0, -3*i = -3*n + 492. What is the units digit of n?
4
Let a be ((-2)/(-4))/((-6)/(-36)). Suppose 0 = -f - a*x - 22, -6*x - 46 = 2*f - 2*x. Let l = -18 - f. What is the units digit of l?
7
Let d = 7 - -11. Let b = d - 11. Suppose -2 - b = -3*t. What is the units digit of t?
3
Let y(k) = 8*k**2 + 2*k - 2. What is the tens digit of y(-2)?
2
Let g = 42 + -27. What is the tens digit of g?
1
Let d be 6/(-2) - (1 - 1). Let o = 5 - d. What is the units digit of o?
8
Suppose 6*s - 5*s - 4 = 0. Suppose 4*b = -4*n + 84, -39 = -2*n + s*b - 3*b. What is the units digit of n?
0
Suppose q - 98 = 8*q. What is the units digit of 18/(-4)*(q + 8)?
7
Let c = 50 - 26. What is the units digit of (9/4)/(6/c)?
9
Let g(v) = 2*v**2 - v + 1. Let x be g(2). Let r = x + -9. What is the units digit of 94/8 - r/8?
2
Let t = 30 + -16. Let m = -10 + t. Suppose -v - 4*c - 12 = 0, -m*c + 8*c + 20 = 0. What is the units digit of v?
8
Suppose -4*t - 9 = -7*t. Suppose t*m - 22 + 4 = 0. What is the units digit of 3/6 + 15/m?
3
Let q(b) = b + 8. Let g be q(-6). Suppose 0 = 5*m + 5*x + 3 + 7, -5*m + g*x + 18 = 0. What is the units digit of m?
2
Let x = 10 - -30. Suppose s - 5*n - 8 = -2*n, -5*s + x = -n. Let q = -1 + s. What is the units digit of q?
7
Let t be (6/(-3))/((-1)/(-5)). Let x = 18 + t. What is the units digit of x?
8
Let b be 2/(-6)*(-3 - 0). Let z(s) = s**2 - 3 + 3. What is the units digit of z(b)?
1
Let j(d) = -d**3 + 3*d**2 - 2*d + 4. Let i be j(-5). Suppose -191 = -4*r + 5*b, 0 = 5*r + 2*b - i - 0. Suppose 5*f = -14 + r. What is the units digit of f?
6
Suppose -4*m = -16, 2*x - m - 72 = -4*m. What is the units digit of x?
0
Suppose 0 = -0*y + 3*y - 4*c - 83, 3*c = y - 31. What is the units digit of y?
5
Let n(w) = -w**3 - 14*w**2 + 23*w - 9. What is the units digit of n(-16)?
5
Let b(v) = -50*v + 14. What is the units digit of b(-3)?
4
Let z(l) = l**2 - 3*l. Let a be z(3). Suppose a = -5*h + 2*h + 27. What is the units digit of h?
9
Suppose -13 + 3 = -2*b. Suppose y + 4*w = -y + 24, 0 = y - 5*w - b. Suppose -3*i - 2*i = -y. What is the units digit of i?
2
Let f = -19 + 4. Let x = f + 35. What is the tens digit of x?
2
Let v = -4 - -5. Let l(m) = 1 - m**3 + 5*m**2 - v - 2 + 9*m. What is the tens digit of l(6)?
1
Let i(r) = -r**3 + 11*r**2 + r - 8. What is the units digit of i(11)?
3
Suppose 2*f = f + 6. What is the units digit of f?
6
Let i(l) be the second derivative of -2*l**3/3 - l**2/2 - l. Let f be i(-1). Let w = 10 - f. What is the units digit of w?
7
Suppose 30*w = 34*w - 136. What is the units digit of w?
4
Let v = 8 + 0. Let z be (-5)/(-4) - (-6)/v. What is the units digit of (z/(-3))/((-6)/99)?
1
Let n be (-4)/(-2) + (1 - -1). Let c(u) = -u**3 + 6*u**2 + 6*u + 7. Let i be c(7). Suppose 0 = n*b + 4*g - 16, i*g - 3*g = 12. What is the units digit of b?
8
Suppose m - 5*j = -11, 3*j - 14 - 15 = -5*m. Suppose -4*w + 0*i + 74 = -3*i, -m*w - 2*i + 84 = 0. What is the tens digit of w?
2
What is the units digit of ((-33)/(-22) - (-22)/(-4)) + 323?
9
Let u(l) = -l**3 + 4*l**2 - l - 2. Suppose -2*f + 1 = -5. What is the units digit of u(f)?
4
Suppose 3*v - 7 + 4 = 0, -4*o = -4*v - 736. What is the units digit of o?
5
Let q(a) = -a**3 - 15*a**2 - 15*a + 6. What is the hundreds digit of q(-15)?
2
What is the units digit of (108/(-21))/(1/(-63))?
4
Let m be 4/(-6) - (-364)/6. Suppose 5*v + 25 = 0, -5*s + 2*v = -v - m. What is the units digit of s?
9
Suppose 3*i = 5*z + 774, 5*i + 3*z - 1987 + 663 = 0. What is the hundreds digit of i?
2
Suppose k = 5*s + 5, -2*s = 2*s - 3*k + 4. What is the units digit of ((-54)/9)/(s + 0)?
6
Let w = 2 - 1. What is the units digit of w/(-2) - (-15)/2?
7
Let g(i) = -4*i**3 - i**2 + 8*i + 7. Let n(t) = 3*t**3 + t**2 - 7*t - 6. Let a(q) = 5*g(q) + 6*n(q). What is the tens digit of a(-2)?
2
Suppose -2 = -g - l, 2*l = -3*l. Suppose y = g*y. Suppose 3*x = 2*o - 9, y = 2*o + o + 5*x - 42. What is the units digit of o?
9
Let i(f) = f**2 - 8*f - 9. What is the units digit of i(-6)?
5
Suppose -4*z = -3*z - 37. W